at is the highest common divisor of 1431 and 29340?
9
Calculate the greatest common divisor of 13865 and 2792411.
2773
What is the greatest common divisor of 380826831 and 231?
231
What is the greatest common divisor of 108954 and 1260?
18
What is the highest common factor of 10032 and 12115312?
3344
Calculate the greatest common divisor of 15614 and 1763383.
37
What is the highest common factor of 367372 and 112?
4
Calculate the highest common factor of 2487214 and 1159.
1159
Calculate the greatest common divisor of 1261892 and 389518.
118
What is the greatest common factor of 2487459 and 624?
39
Calculate the highest common divisor of 8765208 and 82008.
4824
Calculate the greatest common divisor of 1293 and 1759773.
1293
Calculate the greatest common factor of 8415571 and 7358.
283
What is the highest common divisor of 4046 and 543847?
17
Calculate the highest common factor of 267 and 61540652.
89
Calculate the highest common divisor of 4098 and 771409569.
2049
What is the highest common divisor of 64 and 115677488?
16
What is the highest common divisor of 4954993 and 3951?
439
Calculate the greatest common divisor of 1488997 and 391.
23
What is the greatest common factor of 2434854 and 7101?
789
Calculate the highest common divisor of 873 and 683262.
9
What is the greatest common divisor of 438 and 285082374?
438
Calculate the greatest common factor of 4520 and 5770.
10
What is the highest common factor of 1872 and 440973?
117
Calculate the highest common factor of 492049 and 15665467.
11443
What is the greatest common factor of 122402 and 78764438?
2498
What is the highest common divisor of 3555 and 830430?
45
Calculate the highest common factor of 34 and 233072465.
17
Calculate the greatest common factor of 3424 and 79461624.
856
What is the greatest common divisor of 282874200 and 10857?
987
What is the highest common divisor of 14619 and 31001583?
1329
What is the greatest common factor of 6 and 42423966?
6
What is the greatest common divisor of 512087 and 215?
43
Calculate the greatest common divisor of 248058 and 486.
18
Calculate the highest common factor of 1125528 and 5934.
138
Calculate the greatest common factor of 177708307 and 56.
7
What is the greatest common divisor of 2527 and 1139992?
7
What is the highest common divisor of 36470406 and 1734?
102
What is the highest common factor of 7820 and 20172115?
85
Calculate the highest common factor of 126 and 1199674.
14
Calculate the greatest common divisor of 74663360 and 384.
64
What is the greatest common factor of 645540 and 607260?
1740
Calculate the highest common divisor of 818 and 76437192.
818
Calculate the highest common divisor of 9207 and 10931096.
341
What is the greatest common divisor of 3905 and 11699735?
355
Calculate the greatest common divisor of 112 and 103797288.
56
Calculate the greatest common factor of 81378 and 941292.
198
What is the highest common factor of 677032106 and 34?
34
Calculate the highest common factor of 2760 and 480760.
40
Calculate the highest common factor of 10461 and 877451245.
3487
What is the greatest common factor of 173472 and 19032?
312
Calculate the highest common factor of 13 and 98308236.
13
Calculate the highest common divisor of 13624 and 2244424.
104
Calculate the highest common factor of 26632823 and 51835.
10367
Calculate the highest common factor of 66591722 and 52169.
4013
Calculate the highest common factor of 789750 and 59292.
486
Calculate the greatest common divisor of 13108 and 14036.
116
Calculate the greatest common divisor of 21 and 190167.
3
Calculate the greatest common factor of 15232530 and 60.
30
Calculate the highest common factor of 11 and 79961.
1
Calculate the highest common divisor of 87806 and 242176.
86
Calculate the highest common factor of 138490 and 225801650.
12590
What is the greatest common factor of 3468 and 3956121?
867
Calculate the greatest common divisor of 144 and 1125297.
9
Calculate the highest common divisor of 2596246 and 5268.
878
What is the greatest common factor of 40 and 291061768?
8
What is the highest common divisor of 40065653 and 4768?
149
What is the highest common factor of 26337 and 8053?
1
Calculate the greatest common factor of 1264860334 and 11491.
11491
What is the highest common factor of 3807 and 22325?
47
What is the highest common factor of 23107030 and 20?
10
Calculate the highest common factor of 1526921 and 946.
11
What is the greatest common divisor of 24435 and 42535?
905
Calculate the highest common factor of 4904666 and 6084.
26
What is the greatest common divisor of 1174178 and 8534?
502
What is the greatest common factor of 384 and 248730240?
384
What is the highest common factor of 101849060 and 460?
460
What is the highest common factor of 63 and 49652701?
7
Calculate the greatest common divisor of 34454368 and 26.
26
Calculate the highest common factor of 2403 and 18119421.
801
What is the greatest common divisor of 2370080 and 4540?
20
Calculate the highest common divisor of 152 and 85057642.
38
What is the highest common divisor of 2899 and 87529?
13
Calculate the greatest common factor of 226 and 91837021.
113
Calculate the greatest common divisor of 14005 and 3537663.
2801
Calculate the highest common factor of 34392 and 1992.
24
Calculate the highest common factor of 12965778 and 2394.
126
Calculate the greatest common divisor of 493020 and 78850.
830
Calculate the highest common divisor of 39012867 and 514404.
11691
What is the highest common divisor of 25267 and 8446069?
2297
What is the highest common factor of 183 and 3327119157?
183
What is the highest common divisor of 152 and 13066072?
152
Calculate the highest common divisor of 51379321 and 238.
119
What is the highest common factor of 2555095 and 270?
5
What is the greatest common factor of 12431777 and 17?
17
What is the greatest common divisor of 22 and 3210163?
11
Calculate the highest common factor of 7072 and 3355794.
26
Calculate the greatest common factor of 9551773 and 8602.
187
Calculate the greatest common divisor of 35818944 and 8271.
2757
Calculate the greatest common divisor of 456 and 2309431.
19
What is the highest common factor of 5809 and 4439408?
37
Calculate the greatest common divisor of 821258328 and 197.
197
What is the greatest common factor of 1444 and 590976?
76
Calculate the greatest common divisor of 19411 and 108029.
59
Calculate the greatest common factor of 1394660 and 3345540.
2740
Calculate the highest common factor of 1321740 and 40680.
180
What is the highest common factor of 948452443 and 179?
179
What is the highest common divisor of 6 and 200329?
1
Calculate the highest common factor of 15563 and 3980257.
79
Calculate the greatest common factor of 158184321 and 22439.
1181
Calculate the highest common factor of 211447 and 1243524.
599
Calculate the greatest common factor of 1400429431 and 131.
131
What is the greatest common divisor of 38254 and 1377761?
617
What is the greatest common factor of 4074866 and 1700?
34
What is the greatest common factor of 1496 and 580096?
88
What is the highest common factor of 9040 and 70399?
113
Calculate the highest common factor of 217703 and 4408.
29
What is the highest common factor of 249858574 and 868?
434
Calculate the greatest common divisor of 20942820 and 216.
108
Calculate the highest common factor of 300173 and 1829.
31
What is the highest common divisor of 339 and 12437797?
113
What is the greatest common factor of 85343351 and 4405?
881
What is the greatest common divisor of 2108 and 1813252?
124
What is the highest common divisor of 2250327 and 20352?
159
Calculate the greatest common divisor of 1498 and 34749106.
1498
Calculate the greatest common factor of 64 and 1537392.
16
What is the highest common divisor of 1503752 and 527?
17
Calculate the highest common factor of 272 and 865827.
17
What is the greatest common divisor of 2006 and 60432178?
34
What is the greatest common factor of 191922 and 15522519?
3309
What is the greatest common divisor of 602844 and 236412?
132
Calculate the highest common divisor of 3873637 and 10166.
391
What is the highest common factor of 1683 and 360408279?
561
What is the greatest common divisor of 125 and 6503235?
5
Calculate the greatest common factor of 2102 and 227